ulate 0 + 3 + (-2 - (-1 - 2)).
4
What is 3 + -9 + 8 - 8?
-6
Calculate -5 - 0 - (1 + -8) - 7.
-5
What is -3 + (1 - (-4 - 1))?
3
Calculate -8 - -1 - -4 - 1.
-4
Evaluate 0 + 6 + 3 + -6.
3
Evaluate -5 - (-4 + (-4 - -9) - 2).
-4
Calculate 4 - (2 - (-1 + 3)).
4
Evaluate -23 + -1 + 1 + 14.
-9
6 + -6 + -5 + (-3 - -5)
-3
-7 + (-8 - -16) + 4
5
Evaluate 2 + 1 + (3 - 11) + 3.
-2
Evaluate (-1 - -2) + (4 - 9).
-4
What is the value of (2 - 2) + -6 + 4?
-2
What is the value of -2 + (2 - 2) + 4 + 1?
3
Evaluate 17 + (13 + -29 - -8).
9
Calculate 1 + 2 + -1 + 2.
4
Evaluate 13 + -12 - (-1 + 2).
0
What is 2 - (-1 + -8) - (35 - 30)?
6
Calculate 0 - -5 - (3 - 3).
5
What is -3 - (5 + (-4 - 3) + -6)?
5
What is the value of 0 - (-1 - (0 + 0))?
1
What is the value of -9 + 1 - (-6 - (8 + -11))?
-5
What is 1 + -7 + 22 + -24 - -4?
-4
Evaluate -2 + (-4 - -11) + -1.
4
Evaluate (-3 - -10) + (2 - 15).
-6
What is 7 + (6 - (1 - -11))?
1
What is the value of -5 - (-5 + 7 + (-2 - 3))?
-2
(-3 - -2) + 1 - -2
2
Calculate -2 - 0 - (-7 + 5).
0
0 - 0 - (-7 + 2)
5
Calculate (0 - 1) + (10 - 13) - 1.
-5
Calculate 4 + 1 + -1 + -3.
1
0 + (2 - 0) - (-1 - 1)
4
What is the value of 3 - (-1 - -2 - (-2 - -3))?
3
Evaluate (1 - 3) + -1 - 0.
-3
-4 + (3 - 6 - (-1 + -1))
-5
-4 + -1 + -6 + 6
-5
5 + (-9 - -3) - 4 - -9
4
What is the value of -2 + -7 + 12 - (-4 + 1)?
6
Calculate -17 + 19 - (0 + 3).
-1
What is the value of 7 + (3 - 1) + 2 + -4?
7
What is 13 - (7 + (6 - (9 + -3)))?
6
-1 + (10 + -6 - 3)
0
-1 + 2 + -2 - (1 - 3)
1
Calculate 4 + (1 - 5) - (1 + 1).
-2
What is the value of 1 + -1 + (7 + -8 - -6)?
5
What is the value of 7 + (-9 - (-6 + 1)) + -11?
-8
4 + -3 - ((0 - -2) + 1)
-2
What is -3 + 0 + (-1 - 1)?
-5
What is the value of (5 - (6 + 6)) + 3?
-4
Calculate -2 - (-7 - -4 - -1 - 1).
1
-3 + (-1 - -7 - 0)
3
What is the value of 0 + 3 + -6 - (-1 + 3)?
-5
What is the value of -4 + (7 - 8) + 2 + -1?
-4
What is 4 + 0 + (-2 - 7)?
-5
What is 1 - ((4 - 3) + 14 + -19)?
5
Evaluate 1 + -1 + -2 - (-7 - -8).
-3
0 + -3 + 6 - (1 - 1)
3
Calculate -8 + 0 - (-59 + 58).
-7
Calculate 1 + 1 + 6 + (1 - 5).
4
What is the value of (1 - 1) + (11 - 16)?
-5
What is the value of -3 + 14 + -7 + 0?
4
4 - 0 - (2 + -3 - 1)
6
What is the value of 4 + -2 + -2 + 4 + 1?
5
-14 + (26 - 15) + (-2 - 5)
-10
(-6 + 3 - (-1 - 0)) + -2
-4
What is (-11 - (6 - 14)) + 9?
6
Calculate -3 + (-3 - -8) + (15 - 14).
3
What is -4 + 5 + -7 + 5?
-1
What is the value of -1 + 0 - (18 - 14)?
-5
Evaluate 1 + 0 - (182 - 175).
-6
What is the value of 7 + -1 - (-173 - -171)?
8
Evaluate -8 + -9 + 8 + 5 + 7.
3
Evaluate (-9 - (-8 - 3)) + 3.
5
Evaluate (4 + -4 - 15) + 17.
2
Calculate 0 - 0 - (-5 + 7 - 5).
3
What is 2 + -14 + 2 + 4 - -5?
-1
What is the value of -6 - 1 - (-42 + 30)?
5
-2 - -7 - (-12 - (-20 + 5))
2
Evaluate 3 - (-3 + 3) - 4.
-1
What is (-2 - -5 - 5) + (-24 - -24)?
-2
What is (1 - (5 + -3) - -1) + -2?
-2
Calculate -6 - -9 - (1 - -8).
-6
What is the value of 2 - (5 + 4 + -3)?
-4
-14 + 0 - -3 - (18 + -24)
-5
What is 1 + 14 - 5 - 5 - -1?
6
What is the value of (-3 - 1) + 3 + -1 - -2?
0
-2 - -4 - -2 - (8 + -1)
-3
What is -8 + (9 - 0) + (-4 - 1)?
-4
What is the value of -11 + (3 - (0 - 12))?
4
5 - 0 - -15 - 11
9
What is -2 + 5 + -4 - -1?
0
Calculate 8 - (-9 + 17 + 1).
-1
What is the value of 3 - (8 - (5 + -4))?
-4
-1 - -3 - -2 - (-2 + 3)
3
-11 - -6 - -3 - 4
-6
Evaluate (-2 - 4) + (0 - 2 - -1).
-7
-1 + -6 - ((-3 - 1) + 3)
-6
-5 + -1 + 10 + -4
0
What is 0 + 21 + (151 - 163)?
9
What is 3 + 0 - ((-6 - -7) + 1)?
1
Calculate 3 + -3 + (5 - 6).
-1
What is 0 - 1 - (19 + -22)?
2
Evaluate 4 + -7 + -1 + -2 + 3.
-3
What is the value of -2 + 5 + -5 + -4?
-6
Calculate 11 + -16 + 2 + 3.
0
(6 - 3 - 3) + (0 - 0)
0
Calculate (-4 - (-6 - -4)) + 3 + 2.
3
Calculate -9 + (6 + -7 - -6).
-4
What is the value of 2 - 4 - -12 - 8?
2
Evaluate -2 + (-5 - -11) - 4.
0
-1 - 6 - (5 + -12)
0
What is the value of 2 + -8 + (-1 - -2)?
-5
0 + 4 + (2 + 2 - 10)
-2
What is 2 - 5 - (-2 - -2)?
-3
-2 + (-11 - -2) - -3
-8
What is the value of -3 - -3 - (10 - 10) - 5?
-5
What is (3 - (9 + -3)) + -2?
-5
(3 + 1 - 4) + 4
4
What is (-5 - (4 - 7)) + -3?
-5
Evaluate 1 + (1 + (-3 - 1) - 2).
-4
What is the value of 3 + 2 + 3 - 4?
4
-12 + (-7 - -12) + 10
3
What is the value of -1 + 1 - -2 - (-58 - -60)?
0
What is the value of 1 + -1 + -18 + 17?
-1
Evaluate 1 + (1 - (2 + 1 + -8)).
7
Calculate -6 + 10 + (-2 - 4) + 8.
6
Evaluate 9 - (4 + (13 - 7)).
-1
Calculate (-1 - -3) + -6 - -7.
3
Calculate (-1 - (7 + -15)) + -12.
-5
Evaluate 2 + (-3 - -1) + 3 + -2.
1
What is the value of -2 - (-1 + 2) - 2?
-5
Calculate 2 + -2 + 5 + -5.
0
What is the value of 6 + 1 + (5 - 3) + -2?
7
Evaluate (-9 - -6) + 0 + -2 + 9.
4
((1 - 4) + 5 - -3) + 2
7
-9 + 2 - ((1 - -3) + -1)
-10
Evaluate -3 + 1 + 6 - (-4 - -8).
0
-2 + 5 + (-6 - (-1 + 1))
-3
(-43 - -34) + 5 + 0
-4
Evaluate 3 - 6 - (-31 - -22).
6
What is 4 + -7 - -1 - -1 - -4?
3
3 - 0 - (19 - 19) - 0
3
What is the value of (3 - (0 + 3 - 3)) + -6?
-3
What is -3 - (4 + 0 - 3)?
-4
Calculate -7 + 4 + (2 - (-9 + 2)).
6
What is -19 + -1 + (-74 - -86)?
-8
What is 1 + 2 + -2 + (3 - 8)?
-4
Calculate 3 - (2 - (4 + -7 + 2)).
0
What is 1 - -1 - (-16 - -24)?
-6
What is the value of -2 + -4 - (8 - 20)?
6
What is (3 - -4) + 2 + -5?
4
-3 + 4 - ((6 - 11) + 10)
-4
What is the value of (0 - -1) + 2 + 0?
3
What is the value of (-2 + (2 - 5) - -3) + 1?
-1
What is the value of (-3 - -3 - (4 - 2)) + 7?
5
Evaluate (-1 - -1) + 2 + 2.
4
Calculate -4 - (-5 - -4) - 2.
-5
What is the value of (0 - -1) + 4 + -9?
-4
What is the value of (-1 - 5) + (8 - -3 - 5)?
0
Evaluate (3 - 0) + (3 - 3) + -6.
-3
Calculate (13 - 26) + 11 - (3 - 1).
-4
What is -2 - (1 + (7 - 7))?
-3
What is the value of 0 + 2 + (-6 - -13 - 8)?
1
Evaluate (1 - -3) + -7 - 1.
-4
Calculate 0 - (-8 + 5 - -4).
-1
Evaluate (4 - 7) + 3 - (0 - -4).
-4
What is (-3 - 0) + (1 - (-2 + 2))?
-2
Calculate -1 + 5 + 1 - 1.
4
What is the value of -1 + (5 + -6 - -4)?
2
What is 2 + -10 + 5 - (0 - 5)?
2
(-1 - 0) + -1 - (-22 - -24)
-4
Calculate 3 - 6 - (8 + -8).
-3
What is (1 - 0) + -12 + 12?
1
(0 - (0 - -4 - 3)) + 6
5
Evaluate -8 - (-5 + 0 + -1).
-2
Evaluate 0 + 1 - (-2 + 1 + 0).
2
What is (6 - (1 - -3)) + 4?
6
What is the value of 6 - (-7 + 7 + 0)?
6
What is 1 - (2 + -2 + 6)?
-5
5 + 0 + -3 + 2
4
What is 61 - 63 - (1 + 4)?
-7
What is 3 + -8 + (-4 - 0 - -7)?
-2
Calculate -1 - 1 - (16 - 18).
0
3 + (-1 - -3) + (-1 - 2)
2
What is (-3 - 8) + -2 + 13?
0
(-5 - -9) + -5 - 2
-3
-1 - (-6 - (-3 - 0))
2
Calculate -22 - -19 - (-4 + 0).
1
What is (-25 + 31 - (6 + -1)) + 6?
7
Evaluate 6 - (-6 + (-6 - -1 - -25)).
-8
What is 5 + (0 - (8 - 2))?
-1
Evaluate (-6 - (1 - 3)) + 4.
0
Evaluate 9 + -24 + 10 + 6 + -1.
0
Evaluate -2 + (-2 - 1) - 0.
-5
Calculate 75 - 72 - (3 - (11 - 1)).
10
Evaluate 2 + -2 + 3 + 2 + -8.
-3
Calculate 10 - ((5 - (-7 + 10)) + -1).
9
Calculate 9 + 2 + (3 - 9).
5
Evaluate (12 - 32) + 0 + 11.
-9
Evaluate (7 - 2 - -7) + -5.
7
Evaluate -6 - (2 + -8) - 6.
-6
What is 4 + 7 + (-6 - -4) + -13?
-4
Evaluate 10 + -17 + (-6 - -3) + 8.
-2
Calculate (5 - (9 + -3)) + (4 - 0).
3
Calculate 22 + -24 - (-1 + -3).
2
5 + 10 + -8 - (3 + 1)
3
Calculate -4 + 3 - (-1 - -3) - -2.
-1
What is (5 - 0) + (-73 - -71)?
3
Calculate -3 + 4 - 4 - (2 + -4).
-1
-5 - (1 - 8 - (-64 - -53))
-9
What is the value of -1 - (-3 - -4 - 6)?
4
Calculate (1 - (-3 + 3)) + -3.
-2
What is the value of -5 + -5 + (18 - 8)?
0
What is 7 + -6 - (2 - 2)?
1
Evaluate -7 + 12 + (2 - 2).
5
Evaluate 2 - (6 - (0 - (0 - 3))).
-1
What is ((-6 - -2) + 3 - -8) + -3?
4
Calculate -2 + (-1 - 4 - (-24 - -11)).
6
2 + (8 + -3 - 13)
-6
Evaluate 4 + 3 + 3 + -6 - 6.
-2
Evaluate 4 - (-4 + 1 - -2) - -3.
8
What is the value of (0 - -4) + -4 + 3?
3
Calculate (0 - 0) + -10 + 7 + 2.
-1
-5 + (10 - 0) + (-1 - 2)
2
What is the value of -21 + 8 + 19 + -5?
1
What is the value of -10 + (-6 - (-19 + 1))?
2
What is -2 - 9 - (-36 - -31)?
-6
Calculate 1 - -5 - (-3 + 15 - -2).
-8
Calculate 0 + (6 - 3 - (1 + 3)).
-1
What is the value of -1 - -3 - (-1 + 4 + -6)?
5
Evaluate -6 + 10 + -6 + 6.
4
Evaluate -9 + (-10 - -16) + -3 + -2.
-8
What is 2 + 0 - (-92 - -99)?
-5
Calculate 3 - (7 - (1 - (4 - -1))).
-8
What is 2 - (-1 + 3) - (3 - 1)?
-2
Evaluate 4 + 1 + (0 - -2).
7
What is -2 + (7 - 6 - (0 - 1))?
0
-8 - ((-2 - -12) + -6 + -6)
-6
What is 0 + -3 + 7 + -7?
-3
Calculat